9384?
2, 7, 1811
List the prime factors of 73746.
2, 3, 17, 241
What are the prime factors of 500269?
7, 11, 73, 89
What are the prime factors of 18444907?
13, 31, 37, 1237
What are the prime factors of 6529814?
2, 29, 112583
What are the prime factors of 29190193?
29190193
List the prime factors of 2568392.
2, 37, 8677
What are the prime factors of 4336014?
2, 3, 722669
What are the prime factors of 15405052?
2, 13, 296251
List the prime factors of 405121.
41, 241
What are the prime factors of 225594?
2, 3, 83, 151
What are the prime factors of 1164193?
1164193
What are the prime factors of 1988150?
2, 5, 17, 2339
What are the prime factors of 3026029?
127, 23827
What are the prime factors of 298616?
2, 163, 229
What are the prime factors of 120903?
3, 191, 211
List the prime factors of 6458263.
7, 173, 5333
What are the prime factors of 19552939?
7, 2793277
What are the prime factors of 23108845?
5, 19, 43, 5657
What are the prime factors of 8103?
3, 37, 73
List the prime factors of 20708.
2, 31, 167
What are the prime factors of 1448961?
3, 17, 28411
List the prime factors of 441976.
2, 101, 547
List the prime factors of 50492.
2, 13, 971
What are the prime factors of 183741?
3, 73, 839
List the prime factors of 28577441.
29, 53, 18593
What are the prime factors of 2522380?
2, 5, 7, 43, 419
What are the prime factors of 8226910?
2, 5, 822691
List the prime factors of 65652.
2, 3, 5471
List the prime factors of 25323231.
3, 8441077
What are the prime factors of 312514?
2, 156257
List the prime factors of 21631714.
2, 13, 367, 2267
List the prime factors of 4190141.
433, 9677
List the prime factors of 336322.
2, 7, 24023
What are the prime factors of 3890323?
3890323
List the prime factors of 5619171.
3, 1873057
What are the prime factors of 855715?
5, 7, 23, 1063
What are the prime factors of 7540328?
2, 942541
List the prime factors of 10256119.
379, 27061
What are the prime factors of 5045505?
3, 5, 37, 9091
What are the prime factors of 366941?
366941
What are the prime factors of 8672648?
2, 41, 137, 193
What are the prime factors of 393401?
393401
List the prime factors of 1525998.
2, 3, 419, 607
List the prime factors of 386059.
149, 2591
List the prime factors of 4437940.
2, 5, 13, 101
List the prime factors of 3370978.
2, 13, 317, 409
List the prime factors of 15031577.
11, 1366507
What are the prime factors of 2897356?
2, 7, 11, 23, 409
List the prime factors of 929266.
2, 13, 103, 347
What are the prime factors of 25090143?
3, 13, 503, 1279
List the prime factors of 108281.
19, 41, 139
List the prime factors of 10217865.
3, 5, 7, 23, 4231
What are the prime factors of 4869644?
2, 13, 37, 2531
What are the prime factors of 714100?
2, 5, 37, 193
List the prime factors of 228546.
2, 3, 12697
List the prime factors of 566372.
2, 17, 8329
What are the prime factors of 4340016?
2, 3, 30139
List the prime factors of 2204777.
421, 5237
What are the prime factors of 1551988?
2, 67, 5791
List the prime factors of 701547.
3, 7, 11, 3037
List the prime factors of 287831.
19, 15149
What are the prime factors of 594929?
594929
What are the prime factors of 2546982?
2, 3, 141499
What are the prime factors of 1761837?
3, 7, 11, 29, 263
What are the prime factors of 14165?
5, 2833
List the prime factors of 2838806.
2, 1419403
List the prime factors of 3831638.
2, 829, 2311
List the prime factors of 6524322.
2, 3, 7, 31, 5011
List the prime factors of 209987.
209987
What are the prime factors of 269949?
3, 89983
What are the prime factors of 4968520?
2, 5, 124213
What are the prime factors of 350160?
2, 3, 5, 1459
List the prime factors of 22802.
2, 13, 877
What are the prime factors of 2307259?
2307259
What are the prime factors of 180741?
3, 11, 5477
List the prime factors of 932921.
11, 84811
List the prime factors of 1237729.
947, 1307
What are the prime factors of 464845?
5, 31, 2999
List the prime factors of 2262831.
3, 41, 18397
What are the prime factors of 15751952?
2, 984497
What are the prime factors of 303065?
5, 7, 1237
What are the prime factors of 6704032?
2, 383, 547
What are the prime factors of 5477546?
2, 2738773
List the prime factors of 1504933.
19, 103, 769
What are the prime factors of 12687347?
431, 29437
List the prime factors of 3094431.
3, 1031477
What are the prime factors of 3627040?
2, 5, 22669
What are the prime factors of 1405511?
1405511
List the prime factors of 953049.
3, 107, 2969
What are the prime factors of 651861?
3, 7, 3449
List the prime factors of 717220.
2, 5, 7, 47, 109
What are the prime factors of 8299367?
8299367
List the prime factors of 12771347.
757, 16871
What are the prime factors of 19190184?
2, 3, 13, 61507
List the prime factors of 14566493.
37, 73, 5393
What are the prime factors of 20086044?
2, 3, 11, 17, 8951
What are the prime factors of 18807219?
3, 17, 83, 1481
List the prime factors of 144311.
144311
List the prime factors of 1011108.
2, 3, 7, 12037
What are the prime factors of 1617625?
5, 12941
List the prime factors of 4044536.
2, 53, 9539
List the prime factors of 2192022.
2, 3, 7, 1933
List the prime factors of 23137837.
23137837
What are the prime factors of 4462743?
3, 1487581
What are the prime factors of 3158?
2, 1579
What are the prime factors of 681149?
7, 13901
List the prime factors of 2342125.
5, 41, 457
What are the prime factors of 93406?
2, 46703
List the prime factors of 29903.
17, 1759
List the prime factors of 2886117.
3, 13, 43, 1721
List the prime factors of 184457.
7, 13, 2027
What are the prime factors of 6709348?
2, 1677337
List the prime factors of 8673783.
3, 23, 125707
What are the prime factors of 3450041?
7, 181, 389
What are the prime factors of 944906?
2, 37, 113
What are the prime factors of 566859?
3, 188953
What are the prime factors of 5208621?
3, 11, 157837
List the prime factors of 167759.
167759
List the prime factors of 17311710.
2, 3, 5, 13, 44389
List the prime factors of 277224.
2, 3, 11551
What are the prime factors of 9685664?
2, 43, 7039
What are the prime factors of 1570368?
2, 3, 8179
What are the prime factors of 11988806?
2, 5994403
What are the prime factors of 14853?
3, 4951
What are the prime factors of 1809031?
7, 36919
What are the prime factors of 1258901?
7, 17, 71, 149
List the prime factors of 2950778.
2, 577, 2557
List the prime factors of 293602.
2, 146801
What are the prime factors of 9663801?
3, 7, 460181
List the prime factors of 2021734.
2, 11, 13, 7069
What are the prime factors of 1316406?
2, 3, 7, 13, 2411
What are the prime factors of 53815?
5, 47, 229
What are the prime factors of 2966055?
3, 5, 79, 2503
What are the prime factors of 1358478?
2, 3, 11, 2287
What are the prime factors of 27265?
5, 7, 19, 41
What are the prime factors of 10236920?
2, 5, 255923
List the prime factors of 398467.
398467
List the prime factors of 4789519.
7, 684217
What are the prime factors of 393422?
2, 229, 859
What are the prime factors of 4300987?
199, 21613
What are the prime factors of 1032194?
2, 19, 23, 1181
List the prime factors of 16937432.
2, 2117179
What are the prime factors of 364318?
2, 182159
What are the prime factors of 240234?
2, 3, 40039
What are the prime factors of 21342254?
2, 10671127
What are the prime factors of 197091?
3, 61, 359
What are the prime factors of 1475819?
37, 39887
List the prime factors of 3063939.
3, 97, 10529
List the prime factors of 418034.
2, 197, 1061
What are the prime factors of 287418?
2, 3, 47903
List the prime factors of 9361227.
3, 349, 8941
What are the prime factors of 872037?
3, 96893
What are the prime factors of 80378?
2, 40189
List the prime factors of 736653.
3, 31, 89
List the prime factors of 4399482.
2, 3, 47, 15601
What are the prime factors of 19754668?
2, 487, 10141
What are the prime factors of 3852574?
2, 11, 17, 10301
List the prime factors of 461023.
17, 47, 577
What are the prime factors of 19561957?
19561957
List the prime factors of 2271125.
5, 18169
What are the prime factors of 366301?
13, 19, 1483
List the prime factors of 336375.
3, 5, 13, 23
List the prime factors of 4191274.
2, 2095637
What are the prime factors of 1105454?
2, 7, 281
What are the prime factors of 6524562?
2, 3, 11, 19, 43
List the prime factors of 152845.
5, 7, 11, 397
List the prime factor